he remainder when d is divided by 76?
68
Suppose -860 = -4*c + 4*k, 0 = -134*c + 134*c - 2*k. What is the remainder when 356 is divided by c?
141
Suppose 4 = -m - o, 9*o = 4*m + 7*o + 16. Calculate the remainder when 147 is divided by m/(-3) + (-2170)/(-105).
15
Suppose -3*h = -229*p + 234*p - 3022, -5*h + 5026 = 3*p. What is the remainder when h is divided by 334?
2
Let n(d) = -2*d**3 + 25*d**2 + 13*d + 3. Let o be n(13). Suppose o*c - i - 35 - 624 = 0, -2*c = 3*i - 432. Calculate the remainder when c is divided by 22.
21
Let p(k) = -k**3 - 9*k**2 - 13*k - 26. Let i(j) = 4*j**3 - 2*j**2 + 2*j - 4. What is the remainder when i(2) is divided by p(-8)?
10
Let d = -3640 - -3658. What is the remainder when 898 is divided by d?
16
Let z = -450 + -214. Let k = -334 - z. Calculate the remainder when k is divided by 37.
34
Let h(o) = -2*o**2 + 41*o - 7. Suppose n - 4*b - 40 = 0, 7*n + b = 5*n + 35. Calculate the remainder when 16 is divided by h(n).
3
Let z be 0 + (-1296)/(-15) - 36/90. Suppose 5*y = -3*s + s - 108, 4*y = -s - 57. Let h = s + z. What is the remainder when h is divided by 13?
11
Let i(p) = -p**2 + 10. Let h be i(-5). Let z = h - -30. Let v(j) = j**2 - 10*j + 23. Calculate the remainder when v(-6) is divided by z.
14
Let a(p) = -5*p**3 - 10*p**2 - 3*p - 14. Let n be a(-5). What is the remainder when ((-8)/2)/(-4 + n/96) is divided by 17?
14
Suppose -2*l - 4*o + 243 = -7*o, 2*l - 4*o = 248. What is the remainder when l is divided by 29?
27
Let j(a) = -94*a - 2*a**2 + 93*a + 2 + 10 + a**2. Let d be j(0). Suppose k - 4 = q, k - d - 4 = -3*q. What is the remainder when 17 is divided by k?
3
Suppose -2*l + 2*i = l - 21, 0 = l - 4*i - 17. Suppose 5*f = q - 138, -2*f = -l*q - f + 690. Calculate the remainder when q is divided by 14.
12
Let t(b) = 37*b**3 + b**2 - 10*b - 9. Let u be t(-1). Let r = -16 - u. Calculate the remainder when r is divided by 10.
9
Suppose -3*l = 9, -53*d = -50*d + l - 96. What is the remainder when 1087 is divided by d?
31
Suppose -u + 2*u + 3*i - 36 = 0, -5*u - i + 194 = 0. Suppose 18*v - 17*v = u. Calculate the remainder when v is divided by 20.
19
Let w(g) = g**2 - 6*g + 8. Let p(l) = -2*l**3 + 14*l**2 + 16*l + 12. Calculate the remainder when w(7) is divided by p(8).
3
Suppose 101*v - 1120 = 66*v. Suppose -3*r = 3*g - g - 23, r + 3*g - 10 = 0. What is the remainder when v is divided by r?
4
Let x(i) = -49 - 5*i**3 + 92 - i**2 - 44 + i. What is the remainder when x(-2) is divided by 7?
5
Let r = -1636 - -1715. What is the remainder when 245 is divided by r?
8
Calculate the remainder when (-3 - -14)*92/4 is divided by 54.
37
Let d(l) = l**2 + 6*l - 9. Let w be d(-8). Let r be 127/(-2) - w/14. Let t = r + 91. What is the remainder when t is divided by 7?
6
Suppose 836 = 3*h + 5*q, 4*h = 5*h + 2*q - 279. Let u = h + -261. Calculate the remainder when 91 is divided by u.
11
Suppose 809*j - 808*j - 1 = 0, -2*v + 963 = 5*j. What is the remainder when v is divided by 224?
31
Let l = 306 + -307. What is the remainder when 77 is divided by l*(-3)/(12/92)?
8
Let k(a) = -a**2 - 33*a - 78. Let i(r) = 12*r + 18. Suppose 0*f + 6*f + 24 = 0. Let l be i(f). Calculate the remainder when k(l) is divided by 8.
4
Let o be -5 + 3 - -7*(2 + -3). What is the remainder when (o/18)/(1/(-426)) is divided by 43?
41
Suppose 2508 + 124 = 39*q - 11*q. What is the remainder when 178 is divided by q?
84
Let j = 3904 - 3804. Calculate the remainder when j is divided by 61.
39
Suppose 455 = -19*a + 26*a. Let x(g) = g**2 + 5*g + 4. Suppose 0 = -5*n + 2 - 37. What is the remainder when a is divided by x(n)?
11
Let b = -4119 - -4162. Let k(u) = -2*u + 47. Calculate the remainder when b is divided by k(21).
3
Let a(j) = -6*j - 35 + 9*j - 12. Let c be a(23). Suppose 4*m + c = 6*m. Calculate the remainder when 21 is divided by m.
10
Suppose 703*f - 705*f = -12, 5*f = 6*j - 18. Let u be (-30)/(-4)*(-8)/(-6). Let q = u + -3. Calculate the remainder when j is divided by q.
1
Let d be (6 + -34)*-1 - (-9 - -4). Suppose 0 = d*p - 38*p - 5, 4*c = p + 3829. What is the remainder when c is divided by 48?
45
Suppose 0 = -0*z - 4*z + 192. Let y(a) = 3*a**2 - 30*a + 111. What is the remainder when z is divided by y(7)?
0
Let v = 1519 - 1401. What is the remainder when 270 is divided by v?
34
Suppose -21 - 120 = -3*u. Let m be 6/(-2)*(-35)/21. Suppose 371 = 4*w - q - 554, -4*q = m*w - 1172. Calculate the remainder when w is divided by u.
44
What is the remainder when (-27)/6*2*(-13 + 1) is divided by (-6)/36 - (2 - 290/12)?
20
Calculate the remainder when 12/(-30) - ((-670824)/55)/12 is divided by 103.
89
Let s be -12 + (9 - 4) - -5. What is the remainder when (34 - 1) + (-10)/s is divided by 13?
12
Let b(i) = -2*i**3 - 22*i**2 - 14*i + 25. Let j be b(-11). Let z = j + -173. What is the remainder when (2/4 - 1)*-94 is divided by z?
5
Let a = -2421 + 3154. What is the remainder when a is divided by 11?
7
Let x(n) = n**2 - 14*n - 98. Let w be x(19). Calculate the remainder when w/(33/(-2)) + (-39819)/(-429) is divided by 40.
13
Suppose -6*r - 20 = -56. Calculate the remainder when 16/(-28) - (-526)/14 is divided by (-43)/(-3) - (0 - (-2)/r).
9
Let g(s) = -49*s + 843. What is the remainder when 51 is divided by g(17)?
1
Suppose n = -n. Suppose n = 2*d + 3*d - 25. Suppose d*s + 21 = v, -3*v + 2*s = -v - 26. What is the remainder when 40 is divided by v?
7
Let b = -235 + 274. Let g = 167 + -98. Suppose -z - t + 23 = -0*z, -g = -3*z + 4*t. Calculate the remainder when b is divided by z.
16
Let y(w) = -4. Let p(d) = -48*d + 170. Let m(z) = p(z) + y(z). What is the remainder when m(2) is divided by 19?
13
Suppose 0 = -3*t - i - 14, 2*t - 5*t = 5*i + 10. Calculate the remainder when 52 is divided by (-22*5/30)/(t/15).
8
Suppose 0 = -5*y + 282 + 448. Suppose y - 209 = -7*f. Let z = -4 + 7. What is the remainder when f is divided by z?
0
Let p = 497 + -216. What is the remainder when p is divided by 19?
15
Let d(p) = 2*p**2 - 3*p + 2. Suppose 4*n + 328 = -4*r, 9*r = -2*n + 14*r - 164. What is the remainder when d(-6) is divided by (-123)/n + 70/4?
16
Suppose 9 + 5 = 5*r + 4*a, 0 = -3*r + 5*a + 38. Suppose -608 = 41*i - 60*i. Calculate the remainder when 72/i*(-64)/(-6) is divided by r.
0
Suppose -5*f - 93 + 78 = -4*x, -f = -3*x + 25. Calculate the remainder when 763 is divided by x.
3
Let h be ((-13)/(13/32))/(-1 - 1). Suppose 2*v = -5*d + 222, -14*v + 192 = 4*d - h*v. Calculate the remainder when d is divided by 16.
14
Let x(c) = -c**3 - 89*c**2 - 7*c - 592. Calculate the remainder when 827 is divided by x(-89).
21
Let f = -114 - -194. Let z(y) = -y - 44. Let g be z(-9). Let v = 8 - g. What is the remainder when f is divided by v?
37
Let x be -1 + (15/(-60) - (-29)/4). Calculate the remainder when 146 is divided by 3/x - (-803)/22.
35
What is the remainder when (484/(-77))/11 + 1341/7 is divided by 29?
17
What is the remainder when (-500)/75*-39 + (9 - 1) is divided by 34?
30
Suppose 12936 = 98*t + 784. What is the remainder when 471 is divided by t?
99
What is the remainder when 605 is divided by -8*(30/21 - 4 - 100/(-175))?
13
Suppose -33 = 4*j - 4 - 549. What is the remainder when 146 is divided by j?
16
Suppose 0*h - 3823 = -3*l + h, -5*l + 6395 = -5*h. What is the remainder when l is divided by 4?
0
Let t(i) = 56*i**3 - 13 - 6 + 37*i + 21*i**2 - 55*i**3. Let w be t(-19). Suppose w = -3*n + 101 + 37. What is the remainder when 229 is divided by n?
45
Let b(t) = -t**3 - 146*t**2 - 141*t + 1208. What is the remainder when b(-145) is divided by 209?
1
Let h = 5 - 11. Let k = -4 - h. What is the remainder when 29 is divided by k - -8*3/6?
5
Let w = 8430 - 8369. Calculate the remainder when 230 is divided by w.
47
Suppose -2 = -4*p + 2*g, 341*p + g - 14 = 338*p. Calculate the remainder when (2 - 0)/(2/4) is divided by p.
1
Suppose -4704 = 32*v - 48*v. Calculate the remainder when 77 is divided by (-8)/14 + 1638/v.
2
Let k(d) = 3*d + 38. Let j be k(-12). Suppose 2*n - 8 = -j*z - 0*n, 5*n = -10. Calculate the remainder when 58 is divided by z.
4
Suppose -59*p - 5607 + 9174 = -18676. What is the remainder when p is divided by 123?
8
Suppose 4*l - 3*b - 1422 = 0, 5*b - 1470 = -4*l - 0*b. Calculate the remainder when l is divided by 338.
22
Suppose -5*m + a + 145 = 0, 0 = -2*m +